{"id":123,"date":"2019-11-21T15:26:51","date_gmt":"2019-11-21T15:26:51","guid":{"rendered":"http:\/\/xn--sbydronefoto-6cb.dk\/?page_id=123"},"modified":"2024-04-09T08:45:39","modified_gmt":"2024-04-09T08:45:39","slug":"gennemfoerte-projekter","status":"publish","type":"page","link":"https:\/\/xn--sbydronefoto-6cb.dk\/?page_id=123","title":{"rendered":"Gennemf\u00f8rte og igangv\u00e6rende projekter"},"content":{"rendered":"\n<p class=\"has-text-align-center\"><strong>Igennem hele 2021 har jeg fulgt byggeriet og udvidelsen af S\u00e6by Havn <\/strong><\/p>\n\n\n\n<p id=\"https:\/\/www.facebook.com\/saebydronefoto\">Jeg vil, opdatere Facebook siden her med nyheder flere gange om ugen, og n\u00e5r der sker st\u00f8rre nyheder p\u00e5 S\u00e6by Havn &#8211; <a rel=\"noreferrer noopener\" href=\"https:\/\/www.facebook.com\/saebydronefoto\" target=\"_blank\">https:\/\/www.facebook.com\/saebydronefoto<\/a><\/p>\n\n\n\n<p>Der vil ogs\u00e5 v\u00e6re en masse billeder her som opdateres j\u00e6vnligt &#8211; <a href=\"https:\/\/tomsfoto.myportfolio.com\/\" target=\"_blank\" rel=\"noreferrer noopener\">https:\/\/tomsfoto.myportfolio.com\/<\/a><\/p>\n\n\n\n<h4 class=\"wp-block-heading has-text-align-center\"><strong>Nedtagning af \u00e6ldre vindm\u00f8lle ved Overgaard Gods <\/strong><\/h4>\n\n\n\n<p>Sp\u00e6ndende opgave med at f\u00f8lge nedtagningen af en \u00e6ldre vindm\u00f8lle ved Overgaard Gods, Havndal. Et st\u00f8rre antal mindre m\u00f8ller skal demonteres og erstattes med et mindre antal st\u00f8rre, mere energieffektive m\u00f8ller. Demonteringen bliver foretaget af J\u00f8rgensen Totalentreprise, i samarbejde med Kran-kompagniet &#8211; Se en video af demonteringen her:  <a href=\"https:\/\/www.youtube.com\/watch?v=tWGLimxhGmM\">https:\/\/www.youtube.com\/watch?v=tWGLimxhGmM<\/a>  <\/p>\n\n\n\n<p><a href=\"https:\/\/joergensen-entreprise.dk\/\">https:\/\/joergensen-entreprise.dk\/<\/a> <\/p>\n\n\n\n<figure class=\"wp-block-image size-large is-resized\"><img loading=\"lazy\" decoding=\"async\" width=\"1024\" height=\"327\" src=\"http:\/\/xn--sbydronefoto-6cb.dk\/wp-content\/uploads\/2020\/04\/Foto_Tom_Jensen-0002-1024x327.jpg\" alt=\"\" class=\"wp-image-139\" style=\"width:845px;height:270px\" srcset=\"https:\/\/xn--sbydronefoto-6cb.dk\/wp-content\/uploads\/2020\/04\/Foto_Tom_Jensen-0002-1024x327.jpg 1024w, https:\/\/xn--sbydronefoto-6cb.dk\/wp-content\/uploads\/2020\/04\/Foto_Tom_Jensen-0002-300x96.jpg 300w, https:\/\/xn--sbydronefoto-6cb.dk\/wp-content\/uploads\/2020\/04\/Foto_Tom_Jensen-0002-768x245.jpg 768w, https:\/\/xn--sbydronefoto-6cb.dk\/wp-content\/uploads\/2020\/04\/Foto_Tom_Jensen-0002-1536x490.jpg 1536w, https:\/\/xn--sbydronefoto-6cb.dk\/wp-content\/uploads\/2020\/04\/Foto_Tom_Jensen-0002-2048x653.jpg 2048w, https:\/\/xn--sbydronefoto-6cb.dk\/wp-content\/uploads\/2020\/04\/Foto_Tom_Jensen-0002-750x239.jpg 750w\" sizes=\"auto, (max-width: 706px) 89vw, (max-width: 767px) 82vw, 740px\" \/><\/figure>\n\n\n\n<p><\/p>\n","protected":false},"excerpt":{"rendered":"<p>Igennem hele 2021 har jeg fulgt byggeriet og udvidelsen af S\u00e6by Havn Jeg vil, opdatere Facebook siden her med nyheder flere gange om ugen, og n\u00e5r der sker st\u00f8rre nyheder p\u00e5 S\u00e6by Havn &#8211; https:\/\/www.facebook.com\/saebydronefoto Der vil ogs\u00e5 v\u00e6re en masse billeder her som opdateres j\u00e6vnligt &#8211; https:\/\/tomsfoto.myportfolio.com\/ Nedtagning af \u00e6ldre vindm\u00f8lle ved Overgaard Gods &hellip; <\/p>\n<p class=\"link-more\"><a href=\"https:\/\/xn--sbydronefoto-6cb.dk\/?page_id=123\" class=\"more-link\">L\u00e6s videre<span class=\"screen-reader-text\"> &#8220;Gennemf\u00f8rte og igangv\u00e6rende projekter&#8221;<\/span><\/a><\/p>\n","protected":false},"author":1,"featured_media":0,"parent":0,"menu_order":0,"comment_status":"closed","ping_status":"closed","template":"","meta":{"footnotes":""},"class_list":["post-123","page","type-page","status-publish","hentry"],"_links":{"self":[{"href":"https:\/\/xn--sbydronefoto-6cb.dk\/index.php?rest_route=\/wp\/v2\/pages\/123","targetHints":{"allow":["GET"]}}],"collection":[{"href":"https:\/\/xn--sbydronefoto-6cb.dk\/index.php?rest_route=\/wp\/v2\/pages"}],"about":[{"href":"https:\/\/xn--sbydronefoto-6cb.dk\/index.php?rest_route=\/wp\/v2\/types\/page"}],"author":[{"embeddable":true,"href":"https:\/\/xn--sbydronefoto-6cb.dk\/index.php?rest_route=\/wp\/v2\/users\/1"}],"replies":[{"embeddable":true,"href":"https:\/\/xn--sbydronefoto-6cb.dk\/index.php?rest_route=%2Fwp%2Fv2%2Fcomments&post=123"}],"version-history":[{"count":8,"href":"https:\/\/xn--sbydronefoto-6cb.dk\/index.php?rest_route=\/wp\/v2\/pages\/123\/revisions"}],"predecessor-version":[{"id":399,"href":"https:\/\/xn--sbydronefoto-6cb.dk\/index.php?rest_route=\/wp\/v2\/pages\/123\/revisions\/399"}],"wp:attachment":[{"href":"https:\/\/xn--sbydronefoto-6cb.dk\/index.php?rest_route=%2Fwp%2Fv2%2Fmedia&parent=123"}],"curies":[{"name":"wp","href":"https:\/\/api.w.org\/{rel}","templated":true}]}}